665?
False
Is 17 a factor of 680?
True
Does 25 divide 4000?
True
Is 49 a factor of 98?
True
Does 31 divide 506?
False
Is 74566 a multiple of 101?
False
Is 219 a factor of 4240?
False
Does 10 divide 874?
False
Is 4149 a multiple of 9?
True
Is 66 a factor of 1764?
False
Does 31 divide 3639?
False
Is 13993 a multiple of 170?
False
Does 10 divide 411?
False
Is 24 a factor of 7104?
True
Is 6 a factor of 1440?
True
Does 76 divide 456?
True
Is 1596 a multiple of 21?
True
Is 5 a factor of 315?
True
Is 384 a multiple of 4?
True
Does 23 divide 797?
False
Is 9254 a multiple of 14?
True
Does 12 divide 8073?
False
Is 11 a factor of 8690?
True
Does 5 divide 12280?
True
Is 11 a factor of 24662?
True
Does 4 divide 6921?
False
Does 9 divide 36?
True
Does 14 divide 13903?
False
Is 8 a factor of 64?
True
Does 17 divide 816?
True
Is 154 a multiple of 22?
True
Does 14 divide 311?
False
Is 1372 a multiple of 4?
True
Does 65 divide 2366?
False
Does 29 divide 25665?
True
Does 136 divide 1532?
False
Does 15 divide 311?
False
Does 39 divide 52611?
True
Is 24 a factor of 1008?
True
Does 321 divide 50076?
True
Is 6 a factor of 42?
True
Does 2 divide 20?
True
Does 210 divide 26497?
False
Is 29705 a multiple of 13?
True
Does 33 divide 11551?
False
Is 3 a factor of 17?
False
Is 644 a multiple of 23?
True
Does 44 divide 307?
False
Does 90 divide 6840?
True
Is 41138 a multiple of 13?
False
Does 14 divide 84?
True
Does 49 divide 1127?
True
Is 12840 a multiple of 120?
True
Is 15 a factor of 9752?
False
Is 7254 a multiple of 13?
True
Is 27 a factor of 2378?
False
Does 25 divide 1526?
False
Is 1548 a multiple of 36?
True
Does 27 divide 7374?
False
Is 38192 a multiple of 30?
False
Is 41 a factor of 60?
False
Is 4037 a multiple of 75?
False
Is 6 a factor of 18?
True
Is 10 a factor of 9100?
True
Is 286 a multiple of 13?
True
Is 10525 a multiple of 56?
False
Is 3124 a multiple of 22?
True
Is 27092 a multiple of 13?
True
Is 2872 a multiple of 11?
False
Is 222 a factor of 12876?
True
Does 56 divide 92194?
False
Is 80 a factor of 34720?
True
Is 4884 a multiple of 33?
True
Does 9 divide 20169?
True
Does 22 divide 993?
False
Is 402 a multiple of 7?
False
Does 6 divide 5381?
False
Is 2844 a multiple of 18?
True
Does 175 divide 14525?
True
Is 35708 a multiple of 316?
True
Is 6111 a multiple of 63?
True
Does 66 divide 1452?
True
Is 172 a factor of 10179?
False
Does 52 divide 12584?
True
Is 52 a factor of 76752?
True
Does 85 divide 1105?
True
Is 850 a multiple of 50?
True
Is 6246 a multiple of 25?
False
Does 84 divide 4620?
True
Does 56 divide 1270?
False
Is 62218 a multiple of 24?
False
Is 1246 a multiple of 14?
True
Is 5390 a multiple of 98?
True
Is 496 a multiple of 62?
True
Is 26827 a multiple of 34?
False
Is 16 a factor of 912?
True
Is 1152 a multiple of 48?
True
Does 9 divide 360?
True
Is 977 a multiple of 11?
False
Is 21 a factor of 131312?
False
Is 87 a factor of 21726?
False
Is 60 a factor of 24647?
False
Does 8 divide 5040?
True
Is 18 a factor of 4356?
True
Does 48 divide 624?
True
Does 13 divide 181?
False
Does 11 divide 1289?
False
Does 7 divide 25046?
True
Is 13 a factor of 1059?
False
Is 23604 a multiple of 14?
True
Is 706 a multiple of 30?
False
Is 182 a factor of 26770?
False
Does 23 divide 27703?
False
Is 54 a factor of 3453?
False
Does 10 divide 1165?
False
Is 587 a multiple of 6?
False
Is 796 even?
True
Is 14 a factor of 6253?
False
Is 4004 a multiple of 22?
True
Is 1014 a multiple of 33?
False
Is 144 a factor of 5040?
True
Is 22666 a multiple of 91?
False
Is 23 a multiple of 5?
False
Is 459 a multiple of 51?
True
Does 20 divide 200?
True
Is 3760 a multiple of 16?
True
Is 91 a factor of 777?
False
Does 9 divide 60?
False
Does 8 divide 240?
True
Is 19456 a multiple of 16?
True
Does 16 divide 92?
False
Is 11 a factor of 824?
False
Is 1524 a multiple of 9?
False
Is 6518 a multiple of 3?
False
Is 20132 a multiple of 13?
False
Is 15 a factor of 2165?
False
Does 10 divide 2623?
False
Is 5 a factor of 38217?
False
Is 51708 a multiple of 12?
True
Does 5 divide 22236?
False
Does 43 divide 1067?
False
Is 213 a factor of 7881?
True
Is 21 a factor of 3498?
False
Is 625 a multiple of 25?
True
Does 56 divide 5274?
False
Is 2 a factor of 98?
True
Does 14 divide 1200?
False
Is 3845 a multiple of 116?
False
Is 3 a factor of 500?
False
Does 57 divide 271?
False
Does 14 divide 2310?
True
Is 1750 a multiple of 125?
True
Is 16 a factor of 676?
False
Is 93 a factor of 18248?
False
Is 3 a factor of 2754?
True
Is 26 a factor of 1721?
False
Does 160 divide 59200?
True
Does 20 divide 546?
False
Is 2 a factor of 1312?
True
Is 25092 a multiple of 82?
True
Does 5 divide 30?
True
Does 259 divide 50505?
True
Is 34544 a multiple of 254?
True
Is 8 a factor of 1072?
True
Is 28848 a multiple of 65?
False
Is 6 a factor of 16609?
False
Is 10063 a multiple of 13?
False
Is 161 a factor of 105455?
True
Does 5 divide 36610?
True
Is 2206 a multiple of 24?
False
Does 15 divide 180?
True
Is 9800 a multiple of 280?
True
Is 25 a factor of 60048?
False
Does 19 divide 4408?
True
Does 9 divide 3610?
False
Is 2178 a multiple of 33?
True
Is 3344 a multiple of 22?
True
Is 47 a factor of 386?
False
Is 13 a factor of 3614?
True
Does 20 divide 4880?
True
Is 64935 a multiple of 155?
False
Is 1025 a multiple of 11?
False
Does 46 divide 1288?
True
Is 18457 a multiple of 140?
False
Is 75 a factor of 24156?
False
Does 107 divide 12323?
False
Is 1385 a multiple of 10?
False
Is 1134 a multiple of 27?
True
Does 9 divide 14064?
False
Does 4 divide 8645?
False
Is 248 a multiple of 2?
True
Is 6 a factor of 30921?
False
Does 17 divide 811?
False
Is 2 a factor of 36?
True
Is 66 a factor of 8312?
False
Does 18 divide 630?
True
Does 14 divide 3325?
False
Is 990 a multiple of 45?
True
Is 1530 a multiple of 153?
True
Does 107 divide 7515?
False
Does 244 divide 14422?
False
Is 720 a multiple of 24?
True
Is 8 a factor of 960?
True
Is 1547 a multiple of 25?
False
Is 1090 a multiple of 11?
False
Is 85 a multiple of 65?
False
Does 7 divide 5810?
True
Is 10 a factor of 470?
True
Is 264 a factor of 2995?
False
Is 3816 a multiple of 106?
True
Is 26 a factor of 1505?
False
Is 10 a multiple of 5?
True
Does 49 divide 6290?
False
Is 47 a factor of 87796?
True
Does 29 divide 27771?
False
Is 23 a factor of 365?
False
Is 474 a multiple of 6?
True
Is 50 a factor of 677?
False
Is 35 a factor of 8903?
False
Does 15 divide 3352?
False
Does 3 divide 15?
True
Is 83 a factor of 5644?
True
Is 30 a multiple of 6?
True
Does 3 divide 36?
True
Is 16 a factor of 3448?
False
Does 6 divide 834?
True
Is 18 a factor of 4010?
False
Is 8961 a multiple of 29?
True
Is 12608 a multiple of 197?
True
Does 42 divide 2142?
True
Is 52 a factor of 13624?
True
Does 8 divide 86056?
True
Does 16 divide 288?
True
Is 1824 a multiple of 114?
True
Is 15428 a multiple of 29?
True
Is 1108 a multiple of 47?
False
Is 41 a factor of 914?
False
Does 172 divide 6534?
False
Does 368 divide 87216?
True
Is 14 a factor of 9157?
False
Does 2 divide 749?
False
Is 147 a factor of 54427?
False
Is 29 a factor of 91076?
False
Is 364 a multiple of 14?
True
Does 12 divide 20312?
False
Is 215 a factor of 430?
True
Is 12 a factor of 2248?
False
Is 9461 a multiple of 22?
False
Is 35 a factor of 794?
False
Is 440 a multiple of 14?
False
Is 4842 a multiple of 34?
False
Is 21 a factor of 483?
True
Does 20 divide 400?
True
Is 1610 a multiple of 46?
True
Is 1410 a multiple of 47?
True
Does 44 divide 15332?
False
Is 23 a factor of 49128?
True
Is 297 a multiple of 10?
False
Is 2 a factor of 456?
True
Does 14 divide 19?
False
Is 26 a factor of 3744?
True
Is 6 a factor of 1336?
False
Is 12283 a multiple of 69?
False
Is 14 a factor of 13451?
False
Is 562 a multiple of 27?
False
Is 100 a factor of 1453?
False
Is 29 a factor of 3046?
False
Is 5278 a multiple of 13?
True
Does 18 divide 2562?
False
Is 32 a factor of 2848?
True
Is 27 a factor of 23169?
False
Is 990 a multiple of 33?
True
Is 342 a multiple of 57?
True
Does 46 divide 65872?
True
Does 100 divide 1600?
True
Does 18 divide 18666?
True
Is 1081 a multiple of 47?
True
Is 660 a multiple of 14?
False
Does 37 divide 2035?
True
Is 3672 a multiple of 8?
True
Is 1848 a multiple of 44?
True
Does 23 divide 989?
True
Is 40 a multiple of 8?
True
Is 17 a factor of 918?
True
Is